{"id":999,"date":"2019-11-26T08:52:09","date_gmt":"2019-11-26T08:52:09","guid":{"rendered":"https:\/\/comunifecali.org\/congresosupresencia\/?page_id=999"},"modified":"2025-04-30T14:58:28","modified_gmt":"2025-04-30T14:58:28","slug":"congreso-2020-registro","status":"publish","type":"page","link":"https:\/\/comunifecali.org\/congresosupresencia\/congreso-2020-registro\/","title":{"rendered":"Congreso Su Presencia 2020"},"content":{"rendered":"\t\t<div data-elementor-type=\"wp-page\" data-elementor-id=\"999\" class=\"elementor elementor-999\">\n\t\t\t\t<div class=\"elementor-element elementor-element-a128ef9 e-flex e-con-boxed e-con e-parent\" data-id=\"a128ef9\" data-element_type=\"container\">\n\t\t\t\t\t<div class=\"e-con-inner\">\n\t\t\t\t<div class=\"elementor-element elementor-element-a5dabc4 elementor-widget elementor-widget-video\" data-id=\"a5dabc4\" data-element_type=\"widget\" data-settings=\"{&quot;youtube_url&quot;:&quot;https:\\\/\\\/www.youtube.com\\\/watch?v=XHOmBV4js_E&quot;,&quot;video_type&quot;:&quot;youtube&quot;,&quot;controls&quot;:&quot;yes&quot;}\" data-widget_type=\"video.default\">\n\t\t\t\t\t\t\t<div class=\"elementor-wrapper elementor-open-inline\">\n\t\t\t<div class=\"elementor-video\"><\/div>\t\t<\/div>\n\t\t\t\t\t\t<\/div>\n\t\t\t\t\t<\/div>\n\t\t\t\t<\/div>\n\t\t<div class=\"elementor-element elementor-element-6960d17 e-flex e-con-boxed e-con e-parent\" data-id=\"6960d17\" data-element_type=\"container\">\n\t\t\t\t\t<div class=\"e-con-inner\">\n\t\t\t\t<div class=\"elementor-element elementor-element-c50b550 elementor-widget__width-inherit elementor-widget elementor-widget-image\" data-id=\"c50b550\" data-element_type=\"widget\" data-widget_type=\"image.default\">\n\t\t\t\t\t\t\t\t\t\t\t\t\t\t\t<img fetchpriority=\"high\" decoding=\"async\" width=\"1255\" height=\"745\" src=\"https:\/\/comunifecali.org\/congresosupresencia\/wp-content\/uploads\/2025\/04\/programa-web.jpg\" class=\"attachment-full size-full wp-image-9195\" alt=\"\" srcset=\"https:\/\/comunifecali.org\/congresosupresencia\/wp-content\/uploads\/2025\/04\/programa-web.jpg 1255w, https:\/\/comunifecali.org\/congresosupresencia\/wp-content\/uploads\/2025\/04\/programa-web-300x178.jpg 300w, https:\/\/comunifecali.org\/congresosupresencia\/wp-content\/uploads\/2025\/04\/programa-web-1024x608.jpg 1024w, https:\/\/comunifecali.org\/congresosupresencia\/wp-content\/uploads\/2025\/04\/programa-web-768x456.jpg 768w, https:\/\/comunifecali.org\/congresosupresencia\/wp-content\/uploads\/2025\/04\/programa-web-600x356.jpg 600w\" sizes=\"(max-width: 1255px) 100vw, 1255px\" \/>\t\t\t\t\t\t\t\t\t\t\t\t\t\t\t<\/div>\n\t\t\t\t\t<\/div>\n\t\t\t\t<\/div>\n\t\t<div class=\"elementor-element elementor-element-6f3fe050 e-flex e-con-boxed e-con e-parent\" data-id=\"6f3fe050\" data-element_type=\"container\">\n\t\t\t\t\t<div class=\"e-con-inner\">\n\t\t\t\t<div class=\"elementor-element elementor-element-5d3cfa24 elementor-widget elementor-widget-text-editor\" data-id=\"5d3cfa24\" data-element_type=\"widget\" data-widget_type=\"text-editor.default\">\n\t\t\t\t\t\t\t\t\t\n<div class=\"wp-block-image ImagenPrin\">\n<figure class=\"aligncenter size-large\"><img decoding=\"async\" width=\"1024\" height=\"504\" class=\"wp-image-1196\" src=\"https:\/\/comunifecali.org\/congresosupresencia\/wp-content\/uploads\/2019\/12\/bannerCongreso2-1024x504.png\" alt=\"\" srcset=\"https:\/\/comunifecali.org\/congresosupresencia\/wp-content\/uploads\/2019\/12\/bannerCongreso2-1024x504.png 1024w, https:\/\/comunifecali.org\/congresosupresencia\/wp-content\/uploads\/2019\/12\/bannerCongreso2-300x148.png 300w, https:\/\/comunifecali.org\/congresosupresencia\/wp-content\/uploads\/2019\/12\/bannerCongreso2-768x378.png 768w, https:\/\/comunifecali.org\/congresosupresencia\/wp-content\/uploads\/2019\/12\/bannerCongreso2-418x206.png 418w, https:\/\/comunifecali.org\/congresosupresencia\/wp-content\/uploads\/2019\/12\/bannerCongreso2-600x295.png 600w, https:\/\/comunifecali.org\/congresosupresencia\/wp-content\/uploads\/2019\/12\/bannerCongreso2-400x197.png 400w, https:\/\/comunifecali.org\/congresosupresencia\/wp-content\/uploads\/2019\/12\/bannerCongreso2-900x443.png 900w, https:\/\/comunifecali.org\/congresosupresencia\/wp-content\/uploads\/2019\/12\/bannerCongreso2-610x300.png 610w, https:\/\/comunifecali.org\/congresosupresencia\/wp-content\/uploads\/2019\/12\/bannerCongreso2-450x220.png 450w, https:\/\/comunifecali.org\/congresosupresencia\/wp-content\/uploads\/2019\/12\/bannerCongreso2.png 1268w\" sizes=\"(max-width: 1024px) 100vw, 1024px\" \/><\/figure>\n<\/div>\n\n<h2 class=\"wp-block-heading\">Proceso de registro<\/h2>\n\n<p>Para entradas individuales y<span style=\"color: #ffbb22;\"><strong> grupos menores de 10 personas<\/strong><\/span>, digita el n\u00famero en la primera opci\u00f3n de entradas \u00abEntrada donaci\u00f3n\u00bb.<\/p>\n<p>Para grupos de asistentes al congreso de <span style=\"color: #ffbb22;\"><strong>10 o m\u00e1s personas<\/strong><\/span>, digita el n\u00famero de participantes en la opci\u00f3n \u00abEntrada donaci\u00f3n para grupos\u00bb, el costo de la entrada grupal tiene 12.5% de descuento, de manera que el precio por entrada ser\u00e1 de $35,000. El descuento se har\u00e1 efectivo en la siguiente etapa, en el carrito de entradas, donde se muestra el total a pagar.<\/p>\n\n<h4 class=\"has-text-color wp-block-heading\" style=\"color: #ffbb22;\">Forma de pago<\/h4>\n\n<p>Una vez el comprador de las entradas llene el formulario de facturaci\u00f3n, este ser\u00e1 dirigido a la plataforma segura de PayU, en la que podr\u00e1 pagar las entradas con tarjeta de cr\u00e9dito o medios como Efecty y PSE.<\/p>\n\n<h4 class=\"has-text-color wp-block-heading\" style=\"color: #ffbb22;\">Recibo de las entradas por correo electr\u00f3nico<\/h4>\n\n<p>El comprador recibir\u00e1 el n\u00famero de entradas pagadas a trav\u00e9s del correo electr\u00f3nico que diligenci\u00f3 en el formulario de facturaci\u00f3n, adem\u00e1s recibir\u00e1 un correo de PayU confirmando el estatus de la transacci\u00f3n. Es indispensable proporcionar correos electr\u00f3nicos v\u00e1lidos tanto de los asistentes como del comprador de las entradas.<\/p>\n\n<div class=\"wp-block-columns is-layout-flex wp-container-core-columns-is-layout-28f84493 wp-block-columns-is-layout-flex\">\n<div class=\"wp-block-column active-step is-layout-flow wp-block-column-is-layout-flow\">\n<h5 class=\"wp-block-heading\">1. Selecci\u00f3n del tipo de entrada<\/h5>\n<\/div>\n\n<div class=\"wp-block-column passive-step is-layout-flow wp-block-column-is-layout-flow\">\n<h5 class=\"wp-block-heading\">2. C\u00e1lculo del total a pagar<\/h5>\n<\/div>\n\n<div class=\"wp-block-column passive-step is-layout-flow wp-block-column-is-layout-flow\">\n<h5 class=\"wp-block-heading\">3. Datos de los asistentes<\/h5>\n<\/div>\n\n<div class=\"wp-block-column passive-step is-layout-flow wp-block-column-is-layout-flow\">\n<h5 class=\"wp-block-heading\">4. Datos del comprador y pago<\/h5>\n<\/div>\n<\/div>\n\n<p>\u00a0<\/p>\n\t\t\t\t\t\t\t\t<\/div>\n\t\t\t\t<div class=\"elementor-element elementor-element-7f857b9 elementor-widget elementor-widget-video\" data-id=\"7f857b9\" data-element_type=\"widget\" data-settings=\"{&quot;youtube_url&quot;:&quot;https:\\\/\\\/www.youtube.com\\\/watch?v=XHOmBV4js_E&quot;,&quot;video_type&quot;:&quot;youtube&quot;,&quot;controls&quot;:&quot;yes&quot;}\" data-widget_type=\"video.default\">\n\t\t\t\t\t\t\t<div class=\"elementor-wrapper elementor-open-inline\">\n\t\t\t<div class=\"elementor-video\"><\/div>\t\t<\/div>\n\t\t\t\t\t\t<\/div>\n\t\t<div class=\"elementor-element elementor-element-53a34b2 e-grid e-con-full e-con e-child\" data-id=\"53a34b2\" data-element_type=\"container\" data-settings=\"{&quot;background_background&quot;:&quot;classic&quot;}\">\n\t\t\t\t<div class=\"elementor-element elementor-element-79b0fec elementor-widget elementor-widget-video\" data-id=\"79b0fec\" data-element_type=\"widget\" data-settings=\"{&quot;youtube_url&quot;:&quot;https:\\\/\\\/www.youtube.com\\\/watch?v=XHOmBV4js_E&quot;,&quot;video_type&quot;:&quot;youtube&quot;,&quot;controls&quot;:&quot;yes&quot;}\" data-widget_type=\"video.default\">\n\t\t\t\t\t\t\t<div class=\"elementor-wrapper elementor-open-inline\">\n\t\t\t<div class=\"elementor-video\"><\/div>\t\t<\/div>\n\t\t\t\t\t\t<\/div>\n\t\t\t\t<div class=\"elementor-element elementor-element-0e9b459 elementor-widget elementor-widget-video\" data-id=\"0e9b459\" data-element_type=\"widget\" data-settings=\"{&quot;youtube_url&quot;:&quot;https:\\\/\\\/www.youtube.com\\\/watch?v=XHOmBV4js_E&quot;,&quot;video_type&quot;:&quot;youtube&quot;,&quot;controls&quot;:&quot;yes&quot;}\" data-widget_type=\"video.default\">\n\t\t\t\t\t\t\t<div class=\"elementor-wrapper elementor-open-inline\">\n\t\t\t<div class=\"elementor-video\"><\/div>\t\t<\/div>\n\t\t\t\t\t\t<\/div>\n\t\t\t\t<div class=\"elementor-element elementor-element-deafea9 elementor-widget elementor-widget-video\" data-id=\"deafea9\" data-element_type=\"widget\" data-settings=\"{&quot;youtube_url&quot;:&quot;https:\\\/\\\/www.youtube.com\\\/watch?v=XHOmBV4js_E&quot;,&quot;video_type&quot;:&quot;youtube&quot;,&quot;controls&quot;:&quot;yes&quot;}\" data-widget_type=\"video.default\">\n\t\t\t\t\t\t\t<div class=\"elementor-wrapper elementor-open-inline\">\n\t\t\t<div class=\"elementor-video\"><\/div>\t\t<\/div>\n\t\t\t\t\t\t<\/div>\n\t\t\t\t<\/div>\n\t\t\t\t\t<\/div>\n\t\t\t\t<\/div>\n\t\t<div class=\"elementor-element elementor-element-3d07379 e-grid e-con-boxed e-con e-parent\" data-id=\"3d07379\" data-element_type=\"container\" data-settings=\"{&quot;background_background&quot;:&quot;classic&quot;}\">\n\t\t\t\t\t<div class=\"e-con-inner\">\n\t\t\t\t<div class=\"elementor-element elementor-element-a8ea29a elementor-widget elementor-widget-video\" data-id=\"a8ea29a\" data-element_type=\"widget\" data-settings=\"{&quot;youtube_url&quot;:&quot;https:\\\/\\\/www.youtube.com\\\/watch?v=XHOmBV4js_E&quot;,&quot;video_type&quot;:&quot;youtube&quot;,&quot;controls&quot;:&quot;yes&quot;}\" data-widget_type=\"video.default\">\n\t\t\t\t\t\t\t<div class=\"elementor-wrapper elementor-open-inline\">\n\t\t\t<div class=\"elementor-video\"><\/div>\t\t<\/div>\n\t\t\t\t\t\t<\/div>\n\t\t\t\t<div class=\"elementor-element elementor-element-05a5acd elementor-widget elementor-widget-video\" data-id=\"05a5acd\" data-element_type=\"widget\" data-settings=\"{&quot;youtube_url&quot;:&quot;https:\\\/\\\/www.youtube.com\\\/watch?v=XHOmBV4js_E&quot;,&quot;video_type&quot;:&quot;youtube&quot;,&quot;controls&quot;:&quot;yes&quot;}\" data-widget_type=\"video.default\">\n\t\t\t\t\t\t\t<div class=\"elementor-wrapper elementor-open-inline\">\n\t\t\t<div class=\"elementor-video\"><\/div>\t\t<\/div>\n\t\t\t\t\t\t<\/div>\n\t\t\t\t<div class=\"elementor-element elementor-element-a2bb74f elementor-widget elementor-widget-video\" data-id=\"a2bb74f\" data-element_type=\"widget\" data-settings=\"{&quot;youtube_url&quot;:&quot;https:\\\/\\\/www.youtube.com\\\/watch?v=XHOmBV4js_E&quot;,&quot;video_type&quot;:&quot;youtube&quot;,&quot;controls&quot;:&quot;yes&quot;}\" data-widget_type=\"video.default\">\n\t\t\t\t\t\t\t<div class=\"elementor-wrapper elementor-open-inline\">\n\t\t\t<div class=\"elementor-video\"><\/div>\t\t<\/div>\n\t\t\t\t\t\t<\/div>\n\t\t\t\t\t<\/div>\n\t\t\t\t<\/div>\n\t\t<div class=\"elementor-element elementor-element-5ac2834 e-grid e-con-boxed e-con e-parent\" data-id=\"5ac2834\" data-element_type=\"container\">\n\t\t\t\t\t<div class=\"e-con-inner\">\n\t\t\t\t<div class=\"elementor-element elementor-element-52edc81 elementor-widget elementor-widget-google_maps\" data-id=\"52edc81\" data-element_type=\"widget\" data-widget_type=\"google_maps.default\">\n\t\t\t\t\t\t\t<div class=\"elementor-custom-embed\">\n\t\t\t<iframe loading=\"lazy\"\n\t\t\t\t\tsrc=\"https:\/\/maps.google.com\/maps?q=iglesia%20comunidad%20cristiana%20de%20fe%20cali&#038;t=m&#038;z=15&#038;output=embed&#038;iwloc=near\"\n\t\t\t\t\ttitle=\"iglesia comunidad cristiana de fe cali\"\n\t\t\t\t\taria-label=\"iglesia comunidad cristiana de fe cali\"\n\t\t\t><\/iframe>\n\t\t<\/div>\n\t\t\t\t\t\t<\/div>\n\t\t\t\t<div class=\"elementor-element elementor-element-4430697 elementor-widget elementor-widget-text-editor\" data-id=\"4430697\" data-element_type=\"widget\" data-widget_type=\"text-editor.default\">\n\t\t\t\t\t\t\t\t\t<p>Acomp\u00e1\u00f1anos\u00a0<\/p>\n<p>DOMINGOS, 9:00 am<\/p>\n<p>S\u00c1BADOS, 6:30 pm<\/p>\n<p>MARTES, 9:00 am<\/p>\t\t\t\t\t\t\t\t<\/div>\n\t\t\t\t\t<\/div>\n\t\t\t\t<\/div>\n\t\t\t\t<\/div>\n\t\t","protected":false},"excerpt":{"rendered":"<p>https:\/\/www.youtube.com\/watch?v=XHOmBV4js_E Proceso de registro Para entradas individuales y grupos menores de 10 personas, digita el n\u00famero en la primera opci\u00f3n de entradas \u00abEntrada donaci\u00f3n\u00bb. Para grupos de asistentes al congreso de 10 o m\u00e1s personas, digita el n\u00famero de participantes en la opci\u00f3n \u00abEntrada donaci\u00f3n para grupos\u00bb, el costo de la entrada grupal tiene 12.5% [&hellip;]<\/p>\n","protected":false},"author":1,"featured_media":0,"parent":0,"menu_order":0,"comment_status":"closed","ping_status":"closed","template":"","meta":{"_price":"","_stock":"","_tribe_ticket_header":"","_tribe_default_ticket_provider":"Tribe__Tickets_Plus__Commerce__WooCommerce__Main","_tribe_ticket_capacity":"","_ticket_start_date":"","_ticket_end_date":"","_tribe_ticket_show_description":"","_tribe_ticket_show_not_going":false,"_tribe_ticket_use_global_stock":"","_tribe_ticket_global_stock_level":"","_global_stock_mode":"","_global_stock_cap":"","_tribe_rsvp_for_event":"","_tribe_ticket_going_count":"","_tribe_ticket_not_going_count":"","_tribe_tickets_list":"[]","_tribe_ticket_has_attendee_info_fields":false,"footnotes":"","_tec_slr_enabled":"","_tec_slr_layout":""},"class_list":["post-999","page","type-page","status-publish","hentry"],"ticketed":false,"_links":{"self":[{"href":"https:\/\/comunifecali.org\/congresosupresencia\/wp-json\/wp\/v2\/pages\/999","targetHints":{"allow":["GET"]}}],"collection":[{"href":"https:\/\/comunifecali.org\/congresosupresencia\/wp-json\/wp\/v2\/pages"}],"about":[{"href":"https:\/\/comunifecali.org\/congresosupresencia\/wp-json\/wp\/v2\/types\/page"}],"author":[{"embeddable":true,"href":"https:\/\/comunifecali.org\/congresosupresencia\/wp-json\/wp\/v2\/users\/1"}],"replies":[{"embeddable":true,"href":"https:\/\/comunifecali.org\/congresosupresencia\/wp-json\/wp\/v2\/comments?post=999"}],"version-history":[{"count":60,"href":"https:\/\/comunifecali.org\/congresosupresencia\/wp-json\/wp\/v2\/pages\/999\/revisions"}],"predecessor-version":[{"id":9208,"href":"https:\/\/comunifecali.org\/congresosupresencia\/wp-json\/wp\/v2\/pages\/999\/revisions\/9208"}],"wp:attachment":[{"href":"https:\/\/comunifecali.org\/congresosupresencia\/wp-json\/wp\/v2\/media?parent=999"}],"curies":[{"name":"wp","href":"https:\/\/api.w.org\/{rel}","templated":true}]}}